vative of -53 + 1/3*n**3 + 2*n - 5/2*n**2. Suppose -16 = -4*c - 0. Calculate p(c).
-2
Suppose 4*o + 0*w + 51 = w, 2*o + 2*w + 28 = 0. Let j = o - -14. Suppose y + p + p = -j, -3 = 2*y + 5*p. Let f(t) = -8*t. Calculate f(y).
-8
Let c(z) = z**3 - 33*z**2 + 25*z + 223. Let w be c(32). Let a(u) = -20*u - 2. Give a(w).
18
Let b(d) = -6*d**2 - d - 9*d**2 + 13*d**2 + 2. Let j = 120 + -118. What is b(j)?
-8
Let v(p) = -2*p + 7*p - 2 + 250*p**2 - 249*p**2. Suppose -4*x = -6*x + 2. Suppose 2*f = -15 + x. What is v(f)?
12
Let w(k) = -k**3 - 7*k**2 - k - 4. Let b be w(-7). Suppose b*r - 2 = 4. Let l(f) = -f**2 - 11*f**r + 11*f**2 - 3*f + 2. Calculate l(-5).
-8
Let h(a) be the third derivative of a**5/30 - a**4/12 + a**3/3 + 21*a**2. Let r be h(1). Let q(u) = 3 + 2*u**2 + 2*u - 1 - 3*u**2. Calculate q(r).
2
Let r(p) be the third derivative of -p**5/60 - p**4/24 + p**3/6 + 10*p**2. Let f be (-95)/(-15) - 1/3. Let u(q) = q**2 - 7*q + 6. Let z be u(f). Give r(z).
1
Suppose 21 = 15*i - 8*i. Let t(f) be the first derivative of -i*f + 2 - 1/2*f**2. What is t(3)?
-6
Suppose 73*x = 9*x + 384. Let i(t) = -6*t + 26. Calculate i(x).
-10
Let y be (-141)/(-45)*1 - (-10)/(-75). Suppose -y*k - 3 = -3. Let a(c) = -c + 10. Calculate a(k).
10
Let z = 48 + -45. Let x be 1/3 - (-10)/6. Let t(q) = 3*q - 3*q**x + 3*q**3 + 3 - 4*q**3 + 3*q**2. Calculate t(z).
-15
Suppose 5*b - 15 = -2*m + 3*m, 2*m = 4*b - 6. Let x(c) = c**2 + 2*c + 3. Let k(a) = -2*a - 1. Let y(v) = -2*k(v) - x(v). Give y(b).
-9
Let n = -12 + 14. Suppose n*f - f + 3*x - 2 = 0, 3*f + 5*x = 10. Suppose -f = -2*t + t. Let v(b) = b**2 - 5*b + 7. Give v(t).
7
Let x(u) be the second derivative of 5*u**3/3 - u. Let k be ((-1)/3)/((-1)/3). Give x(k).
10
Let q be (130/390)/((-1)/24). Let t(b) = 5*b - 4. Calculate t(q).
-44
Suppose 7 - 18 = k. Let d be 2/(-3)*(-14 - k). Let z(s) = s**2 - 2*s - 1. Determine z(d).
-1
Let x be ((-84)/(-108) - (-2)/9) + -14. Let o(a) = -a**2 - 15*a - 27. What is o(x)?
-1
Let h(o) = -o**2 - 5*o + 10. Suppose -54 + 36 = -3*y. Suppose -y*j - 11 = 31. What is h(j)?
-4
Suppose 0 = 2*h - 0*h - 4. Suppose -4*w = -0*w + 3*y - 10, -h*w - 8 = -5*y. Let d(i) be the third derivative of i**6/30 + i**4/12 - i**3/6 + i**2. What is d(w)?
5
Let g(b) = -b + 17. Suppose 0 = -10*w + 7 - 37. Let l(x) = 9. Let i(q) = w*g(q) + 5*l(q). Give i(4).
6
Let j(r) = 5*r**2 + 13*r - 44. Let h(k) = -11*k**2 - 26*k + 91. Let u(d) = 6*h(d) + 13*j(d). What is u(11)?
-4
Suppose 23 = 14*p - 19. Suppose 0 = 4*x - 6*x + 8. Let d(k) = -2*k. Let j(y) = y - 1. Let n(q) = x*d(q) + 3*j(q). Determine n(p).
-18
Let p(c) = 5*c**2 + 2*c + 3. Let x = -768 - -766. Calculate p(x).
19
Let q(f) be the third derivative of -f**9/30240 - f**8/6720 - f**7/5040 + f**6/720 - 7*f**5/60 + 3*f**2. Let d(i) be the third derivative of q(i). Give d(-2).
7
Let d = 10 - 15. Let c(y) = -3*y**2 + 9 - 3*y + 60 + 2*y**2 - 71. What is c(d)?
-12
Let r(p) be the first derivative of -p**3/3 + p**2 - 154. What is r(1)?
1
Let p(g) = g**3 + 4*g**2 - 2*g + 5. Suppose 27*n + 7 = -20. Suppose w = 2*a + 6, a - 4*w + 12 = -3*a. Let m = n + a. Determine p(m).
13
Let v(d) = -24*d - 96. Let x(i) = -4*i - 19. Let q(p) = -2*v(p) + 11*x(p). What is q(6)?
7
Let a(w) = w**3 - 7*w**2 + 5*w - 1. Let p(f) = -3*f + f + 0 + 10 - 2. Let h be p(11). Let c = h - -20. What is a(c)?
-7
Let p(n) = 2*n**2 + n**3 - 4*n**2 + 3 + n**2 - 3*n. Let y(b) = b**2 + 2*b + 3. Let r be y(0). Give p(r).
12
Let y(k) = 36*k - 14. Let f(d) = 7*d - 3. Let w(b) = -11*f(b) + 2*y(b). Let p = -9 - -13. Determine w(p).
-15
Let s = -105 - -94. Let b(i) = i**2 + 12*i + 8. Give b(s).
-3
Let k(x) = x + 1. Let h(d) = d + 9. Let j(o) = -h(o) + 2*k(o). What is j(6)?
-1
Let x(z) = -5*z - 6*z + 0 + 5*z + 1 + 2. Suppose -4*n + 14 = 2*j, 2*j + j + 9 = 0. What is x(n)?
-27
Let n(z) = z - 4. Let v be n(5). Let i(b) be the second derivative of -25*b + 1/2*b**4 - 1/6*b**3 + 0 + 1/2*b**2. Determine i(v).
6
Let y(m) = -51*m. Suppose 20 = 20*p - 25*p, -4*p = -4*d + 20. Calculate y(d).
-51
Let w(p) = -26*p - 49. Let r(s) = -14*s - 27. Let u(g) = 11*r(g) - 6*w(g). What is u(4)?
5
Let o(f) = -f**3 + 7*f**2 - 6*f + 5. Let p(y) = y**3 - 12*y**2 + 10*y - 9. Let r(n) = 7*o(n) + 4*p(n). Determine r(2).
-25
Let a(q) be the third derivative of -q**5/60 - q**4/24 + q**3 + 254*q**2. Give a(-5).
-14
Let b(p) = 2*p**2 + p + 1. Let c(q) = 14*q**2 + 8*q + 12. Let f(g) = -27*g**2 - 17*g - 25. Let v(u) = -5*c(u) - 3*f(u). Let r(j) = -6*b(j) + v(j). What is r(7)?
-5
Let b(u) = 4*u**3 + 2*u**2 - 1. Let o be b(-1). Let a(j) = -3 - 2*j - 2 + 8. Calculate a(o).
9
Let r(a) be the first derivative of -a**3/3 - 4*a - 29. What is r(0)?
-4
Let d(x) be the third derivative of x**9/60480 - x**8/2520 - x**6/72 - x**5/30 - 2*x**4/3 + 8*x**2. Let w(a) be the third derivative of d(a). Determine w(8).
-10
Let h(k) be the first derivative of -k**4/2 + 2*k**3/3 - k - 113. Determine h(3).
-37
Let f(s) = 5*s - 20. Let r be (-5*12/90)/(2/(-15)). Calculate f(r).
5
Let y(c) = -5*c**2 - 3*c - 1. Suppose 2*v - 15 = -5*g, 4*v + 5*g = -14 + 39. Suppose -v*l = -3*l + 4. Determine y(l).
-15
Let j(u) = -4*u - 7 + 3*u - u. Suppose 0 = l - 3*n + 15, 2*l - 2*n - 58 = -76. Calculate j(l).
5
Let h(u) = u**2 + 7*u - 4. Let r = -6 - -3. Let i be (3 - 0) + 3/r. Let j = -5 - i. Determine h(j).
-4
Let m(u) be the third derivative of u**6/720 + 13*u**5/120 - u**4/3 - 5*u**2. Let g(k) be the second derivative of m(k). Suppose 15 = -3*t - 6. Determine g(t).
6
Let q(k) = -k**2 - k + 1. Let y(t) = 5*t**2 + 15*t - 10. Let w(h) = -4*q(h) - y(h). What is w(-11)?
6
Let j(x) be the second derivative of -x**4/6 - x**3/2 + 2*x**2 - 15*x. Let i be -2 - -1*(-3)/(-3). Let v be (-3)/(i - -4)*3. What is j(v)?
-5
Let j(g) be the second derivative of g**5 + g**3/6 + 44*g - 2. Give j(1).
21
Let b(q) = -q - 1. Suppose -t = -3 - 3. Let o be (-3 - t/(-1)) + (-20)/(-5). Determine b(o).
-8
Let c(y) = -y. Suppose -4*w - 12 = -8*w. Let n(r) = 2*r - 4. Let m be n(w). Suppose -m*k + 6*k = 0. Calculate c(k).
0
Let z(j) = -7*j**3 - 13*j**2 - j - 8. Let b(p) = 4*p**3 + 7*p**2 + 4. Let g(r) = -5*b(r) - 3*z(r). Let d be 3 + -5 + 4 - 10/2. What is g(d)?
4
Let x(o) = -2*o + 7*o - 3 - o. Let i be 5/(-15) - (2 + 32/(-6)). What is x(i)?
9
Let b(t) = 2*t - 9. Suppose 5*w - 172 - 128 = 0. Suppose -9*x - x = -w. Calculate b(x).
3
Let h(y) = -13*y + 1. Let i(v) = -11*v + 4. Let c(n) = -3*h(n) + 4*i(n). Determine c(5).
-12
Let d(i) = 5*i - 1. Let w(r) = r + 6. Let c be w(-5). Let s be d(c). Let m(a) = -5749696*a + 5749696*a - a**2 + 4. Give m(s).
-12
Let d(x) be the third derivative of 0*x**3 + 0*x - 7*x**2 + 0 - 1/3*x**4. Give d(1).
-8
Let h(v) be the third derivative of 3*v**4/8 + v**3/3 + 3*v**2 - 5*v. Give h(-2).
-16
Let j(u) = -2*u + u + 0*u + 3*u**3. Suppose 23 = -9*l - 27*l - 13. What is j(l)?
-2
Let b(i) = 7*i**2 - 16*i - 3. Let h(w) = -w**2 - w. Let o(n) = b(n) - 4*h(n). Let f(y) = -2 + 5 - 6*y - 4 + 5*y**2. Let d(j) = 13*f(j) - 6*o(j). Give d(-5).
10
Let u(r) = -r**2 - 2*r - 3. Let l(o) = o**2 + o + 3. Let y be (-2)/(-5) - 18/(-5). Let n(g) = y*l(g) + 5*u(g). Calculate n(-4).
5
Let f = 25 + -27. Let o be ((-8)/20)/((-2)/5). Let i(s) = 0*s**2 - s - 5*s**2 + 6*s**2 + o + s**2. What is i(f)?
11
Let i(y) = -2*y + 1. Let b(p) = -11*p - 5. Let h(n) = -b(n) + 6*i(n). Determine h(8).
3
Let m(r) = 4*r**2 - 11 + 9195*r - 9266*r - 9. Give m(18).
-2
Suppose -4*m - 21 = -m. Let h(q) be the second derivative of q**4/12 + q**3 + 3*q**2/2 + 2*q - 260. Determine h(m).
10
Let n(x) = -2*x**2 - 1. Let q(k) = 26*k + 82. Let m be q(-3). Calculate n(m).
-33
Suppose 33 = -19*b - 62. Let s(c) = -c**3 - 4*c**2 + 5*c + 4. Give s(b).
4
Suppose -29 = -k - 5. Let y(c) = -1 - k*c + 9 - 10 - 11*c**2. Let d(u) = 7*u**2 + 16*u + 1. Let h(n) = -8*d(n) - 5*y(n). Calculate h(-6).
14
Suppose 14*k - 6 = 11*k. Suppose -k*h - 4 = -0*a + 2*a, -3*a + 3*h - 18 = 0. Let j be -2*(2 - 5 - a). Let l(d) = -d**3 + 2*d**2 + d + 1. Determine l(j).
15
Let o(w) = w**3 - 7*w**2 + w - 8. Let u(g) = g**2 - 5*g + 4*g + 2 - 1. Let p(d) = o(d) + u(d). Give p(6).
-7
Let x(z) = 3*z + 11. Let b(s) = 11*s + 32. Suppose 4*n + 5*m = -28 + 5, 0 = -2*m - 6. Let k(f) = n*b(f) + 7*x(f). What is k(6)?
7
Let b be -5*(-1)/2*-6. Let v be (-6)/(b/(-3) - 4). Let o(n) = -n**3 - 5*n**2 + 8*n + 7.